[INFO] fetching crate open_ai 0.1.1...
[INFO] building open_ai-0.1.1 against master#881c1ac408d93bb7adaa3a51dabab9266e82eee8 for issue-85264
[INFO] extracting crate open_ai 0.1.1 into /workspace/builds/worker-1/source
[INFO] validating manifest of crates.io crate open_ai 0.1.1 on toolchain 881c1ac408d93bb7adaa3a51dabab9266e82eee8
[INFO] running `Command { std: "/workspace/cargo-home/bin/cargo" "+881c1ac408d93bb7adaa3a51dabab9266e82eee8" "metadata" "--manifest-path" "Cargo.toml" "--no-deps", kill_on_drop: false }`
[INFO] started tweaking crates.io crate open_ai 0.1.1
[INFO] finished tweaking crates.io crate open_ai 0.1.1
[INFO] tweaked toml for crates.io crate open_ai 0.1.1 written to /workspace/builds/worker-1/source/Cargo.toml
[INFO] running `Command { std: "/workspace/cargo-home/bin/cargo" "+881c1ac408d93bb7adaa3a51dabab9266e82eee8" "generate-lockfile" "--manifest-path" "Cargo.toml" "-Zno-index-update", kill_on_drop: false }`
[INFO] running `Command { std: "/workspace/cargo-home/bin/cargo" "+881c1ac408d93bb7adaa3a51dabab9266e82eee8" "fetch" "--manifest-path" "Cargo.toml", kill_on_drop: false }`
[INFO] [stderr]  Downloading crates ...
[INFO] [stderr]   Downloaded thread_local v0.2.7
[INFO] [stderr]   Downloaded memchr v0.1.11
[INFO] [stderr]   Downloaded regex-syntax v0.3.9
[INFO] [stderr]   Downloaded thread-id v2.0.0
[INFO] [stderr]   Downloaded utf8-ranges v0.1.3
[INFO] [stderr]   Downloaded regex v0.1.80
[INFO] [stderr]   Downloaded aho-corasick v0.5.3
[INFO] [stderr]   Downloaded cpython v0.1.0
[INFO] [stderr]   Downloaded python3-sys v0.1.3
[INFO] running `Command { std: "docker" "create" "-v" "/var/lib/crater-agent-workspace/builds/worker-1/target:/opt/rustwide/target:rw,Z" "-v" "/var/lib/crater-agent-workspace/builds/worker-1/source:/opt/rustwide/workdir:ro,Z" "-v" "/var/lib/crater-agent-workspace/cargo-home:/opt/rustwide/cargo-home:ro,Z" "-v" "/var/lib/crater-agent-workspace/rustup-home:/opt/rustwide/rustup-home:ro,Z" "-e" "SOURCE_DIR=/opt/rustwide/workdir" "-e" "CARGO_TARGET_DIR=/opt/rustwide/target" "-e" "CARGO_HOME=/opt/rustwide/cargo-home" "-e" "RUSTUP_HOME=/opt/rustwide/rustup-home" "-w" "/opt/rustwide/workdir" "-m" "1610612736" "--user" "0:0" "--network" "none" "ghcr.io/rust-lang/crates-build-env/linux@sha256:20528e8c29e4536546f0102ce88568b16ea7538393a33fcca951030f7af10457" "/opt/rustwide/cargo-home/bin/cargo" "+881c1ac408d93bb7adaa3a51dabab9266e82eee8" "metadata" "--no-deps" "--format-version=1", kill_on_drop: false }`
[INFO] [stderr] WARNING: Your kernel does not support swap limit capabilities or the cgroup is not mounted. Memory limited without swap.
[INFO] [stdout] 94ba71dab104c3cadf0633be6c1cdc7f699476ab7ab2f8d14bdd18fd9631d82e
[INFO] running `Command { std: "docker" "start" "-a" "94ba71dab104c3cadf0633be6c1cdc7f699476ab7ab2f8d14bdd18fd9631d82e", kill_on_drop: false }`
[INFO] running `Command { std: "docker" "inspect" "94ba71dab104c3cadf0633be6c1cdc7f699476ab7ab2f8d14bdd18fd9631d82e", kill_on_drop: false }`
[INFO] running `Command { std: "docker" "rm" "-f" "94ba71dab104c3cadf0633be6c1cdc7f699476ab7ab2f8d14bdd18fd9631d82e", kill_on_drop: false }`
[INFO] [stdout] 94ba71dab104c3cadf0633be6c1cdc7f699476ab7ab2f8d14bdd18fd9631d82e
[INFO] running `Command { std: "docker" "create" "-v" "/var/lib/crater-agent-workspace/builds/worker-1/target:/opt/rustwide/target:rw,Z" "-v" "/var/lib/crater-agent-workspace/builds/worker-1/source:/opt/rustwide/workdir:ro,Z" "-v" "/var/lib/crater-agent-workspace/cargo-home:/opt/rustwide/cargo-home:ro,Z" "-v" "/var/lib/crater-agent-workspace/rustup-home:/opt/rustwide/rustup-home:ro,Z" "-e" "SOURCE_DIR=/opt/rustwide/workdir" "-e" "CARGO_TARGET_DIR=/opt/rustwide/target" "-e" "CARGO_INCREMENTAL=0" "-e" "RUST_BACKTRACE=full" "-e" "RUSTFLAGS=--cap-lints=forbid" "-e" "CARGO_HOME=/opt/rustwide/cargo-home" "-e" "RUSTUP_HOME=/opt/rustwide/rustup-home" "-w" "/opt/rustwide/workdir" "-m" "1610612736" "--user" "0:0" "--network" "none" "ghcr.io/rust-lang/crates-build-env/linux@sha256:20528e8c29e4536546f0102ce88568b16ea7538393a33fcca951030f7af10457" "/opt/rustwide/cargo-home/bin/cargo" "+881c1ac408d93bb7adaa3a51dabab9266e82eee8" "build" "--frozen" "--message-format=json", kill_on_drop: false }`
[INFO] [stderr] WARNING: Your kernel does not support swap limit capabilities or the cgroup is not mounted. Memory limited without swap.
[INFO] [stdout] 54af70dacde33f16be8f5466b5d801bb8b221517e8862135cadd96070d692e20
[INFO] running `Command { std: "docker" "start" "-a" "54af70dacde33f16be8f5466b5d801bb8b221517e8862135cadd96070d692e20", kill_on_drop: false }`
[INFO] [stderr]    Compiling autocfg v1.0.1
[INFO] [stderr]    Compiling cpython v0.1.0
[INFO] [stderr]    Compiling memchr v0.1.11
[INFO] [stderr]    Compiling thread-id v2.0.0
[INFO] [stderr]    Compiling thread_local v0.2.7
[INFO] [stderr]    Compiling aho-corasick v0.5.3
[INFO] [stderr]    Compiling num-traits v0.2.14
[INFO] [stderr]    Compiling regex v0.1.80
[INFO] [stderr]    Compiling num-traits v0.1.43
[INFO] [stderr]    Compiling python3-sys v0.1.3
[INFO] [stdout] error[E0425]: cannot find function, tuple struct or tuple variant `PyEval_ThreadsInitialized` in crate `ffi`
[INFO] [stdout]   --> /opt/rustwide/cargo-home/registry/src/github.com-1ecc6299db9ec823/cpython-0.1.0/src/pythonrun.rs:55:26
[INFO] [stdout]    |
[INFO] [stdout] 55 |             assert!(ffi::PyEval_ThreadsInitialized() != 0);
[INFO] [stdout]    |                          ^^^^^^^^^^^^^^^^^^^^^^^^^ not found in `ffi`
[INFO] [stdout] 
[INFO] [stdout] 
[INFO] [stdout] error[E0425]: cannot find function, tuple struct or tuple variant `PyEval_ThreadsInitialized` in crate `ffi`
[INFO] [stdout]   --> /opt/rustwide/cargo-home/registry/src/github.com-1ecc6299db9ec823/cpython-0.1.0/src/pythonrun.rs:58:26
[INFO] [stdout]    |
[INFO] [stdout] 58 |             assert!(ffi::PyEval_ThreadsInitialized() == 0);
[INFO] [stdout]    |                          ^^^^^^^^^^^^^^^^^^^^^^^^^ not found in `ffi`
[INFO] [stdout] 
[INFO] [stdout] 
[INFO] [stdout] error[E0425]: cannot find function, tuple struct or tuple variant `PyEval_InitThreads` in crate `ffi`
[INFO] [stdout]   --> /opt/rustwide/cargo-home/registry/src/github.com-1ecc6299db9ec823/cpython-0.1.0/src/pythonrun.rs:65:18
[INFO] [stdout]    |
[INFO] [stdout] 65 |             ffi::PyEval_InitThreads();
[INFO] [stdout]    |                  ^^^^^^^^^^^^^^^^^^ help: a function with a similar name exists: `PyEval_SaveThread`
[INFO] [stdout]    | 
[INFO] [stdout]   ::: /opt/rustwide/cargo-home/registry/src/github.com-1ecc6299db9ec823/python3-sys-0.1.3/src/ceval.rs:49:5
[INFO] [stdout]    |
[INFO] [stdout] 49 |     pub fn PyEval_SaveThread() -> *mut PyThreadState;
[INFO] [stdout]    |     ------------------------------------------------- similarly named function `PyEval_SaveThread` defined here
[INFO] [stdout] 
[INFO] [stdout] 
[INFO] [stdout] error[E0425]: cannot find function, tuple struct or tuple variant `PyEval_InitThreads` in crate `ffi`
[INFO] [stdout]    --> /opt/rustwide/cargo-home/registry/src/github.com-1ecc6299db9ec823/cpython-0.1.0/src/lib.rs:333:10
[INFO] [stdout]     |
[INFO] [stdout] 333 |     ffi::PyEval_InitThreads();
[INFO] [stdout]     |          ^^^^^^^^^^^^^^^^^^ help: a function with a similar name exists: `PyEval_SaveThread`
[INFO] [stdout]     | 
[INFO] [stdout]    ::: /opt/rustwide/cargo-home/registry/src/github.com-1ecc6299db9ec823/python3-sys-0.1.3/src/ceval.rs:49:5
[INFO] [stdout]     |
[INFO] [stdout] 49  |     pub fn PyEval_SaveThread() -> *mut PyThreadState;
[INFO] [stdout]     |     ------------------------------------------------- similarly named function `PyEval_SaveThread` defined here
[INFO] [stdout] 
[INFO] [stdout] 
[INFO] [stdout] error: aborting due to 4 previous errors
[INFO] [stdout] 
[INFO] [stdout] 
[INFO] [stdout] For more information about this error, try `rustc --explain E0425`.
[INFO] [stdout] 
[INFO] [stderr] error: could not compile `cpython`
[INFO] [stderr] 
[INFO] [stderr] To learn more, run the command again with --verbose.
[INFO] running `Command { std: "docker" "inspect" "54af70dacde33f16be8f5466b5d801bb8b221517e8862135cadd96070d692e20", kill_on_drop: false }`
[INFO] running `Command { std: "docker" "rm" "-f" "54af70dacde33f16be8f5466b5d801bb8b221517e8862135cadd96070d692e20", kill_on_drop: false }`
[INFO] [stdout] 54af70dacde33f16be8f5466b5d801bb8b221517e8862135cadd96070d692e20
